{"id":81,"date":"2018-11-02T16:04:49","date_gmt":"2018-11-02T16:04:49","guid":{"rendered":"http:\/\/energethiker.com\/?page_id=81"},"modified":"2018-11-02T20:50:40","modified_gmt":"2018-11-02T20:50:40","slug":"auszug-aus-dem-aerztegesetz","status":"publish","type":"page","link":"https:\/\/energethiker.com\/?page_id=81","title":{"rendered":"Auszug aus dem \u00c4rztegesetz"},"content":{"rendered":"<p align=\"center\"><strong><a href=\"https:\/\/web.archive.org\/web\/20090525074723\/http:\/\/www.energethiker.com:80\/files\/Auszug%20aus%20%C3%84rztegesetz%20&amp;%20verwandte%20Berufe.doc\">\u00c4RZTEGESETZ<\/a><br \/>\n<\/strong><\/p>\n<p>Rechtsgrundlage f\u00fcr die \u00e4rztliche T\u00e4tigkeit ist das \u00c4rztegesetz 1998 BGBl Teil I. Nr. 169 vom 10.11.1998.<\/p>\n<p>Der schnellste Zugang zu diesem Gesetzestext ist m\u00f6glich \u00fcber folgende Internetadresse:<\/p>\n<p align=\"center\"><a href=\"https:\/\/www.ris.bka.gv.at\/GeltendeFassung.wxe?Abfrage=Bundesnormen&amp;Gesetzesnummer=10011138&amp;FassungVom=2018-11-02\">www.ris.bka.gv.at<\/a><\/p>\n<p align=\"left\">F\u00fcr die vorliegenden Zwecke auszugsweise nachstehende Bestimmungen:<\/p>\n<p align=\"center\"><strong><em><span style=\"font-size: small;\">Begriffsbestimmung<\/span><\/em><\/strong><\/p>\n<p><em><span style=\"font-size: small;\"><strong>\u00a7 1.<\/strong>\u00a0Soweit in den einzelnen Vorschriften nicht anderes bestimmt ist, bezieht sich in diesem Abschnitt<\/span><\/em><\/p>\n<ol>\n<li><em><span style=\"font-size: small;\">die allgemeine Bezeichnung \u201eArzt\u201c (\u201e\u00e4rztlich\u201c) auf alle \u00c4rzte, die \u00fcber eine Berufsberechtigung als \u201eArzt f\u00fcr Allgemeinmedizin\u201c, \u201eapprobierter Arzt\u201c, \u201eFacharzt\u201c oder \u201eTurnusarzt\u201c verf\u00fcgen, jedoch mit Ausnahme der Fach\u00e4rzte f\u00fcr Zahn-, Mund- und Kieferheilkunde sowie der Turnus\u00e4rzte in Ausbildung zum Facharzt f\u00fcr Zahn-, Mund- und Kieferheilkunde,<\/span><\/em><\/li>\n<li><em><span style=\"font-size: small;\">die Bezeichnung \u201eFacharzt\u201c oder \u201eTurnusarzt\u201c auf alle Fach\u00e4rzte oder Turnus\u00e4rzte in Ausbildung zum Facharzt mit Ausnahme der Fach\u00e4rzte zur Zahn-, Mund- und Kieferheilkunde sowie der Turnus\u00e4rzte in Ausbildung zum Facharzt f\u00fcr Zahn-, Mund- und Kieferheilkunde.<\/span><\/em><\/li>\n<\/ol>\n<p><em><u><span style=\"font-size: small;\">Der Beruf des Arztes<\/span><\/u><\/em><\/p>\n<p><em><span style=\"font-size: small;\"><strong>\u00a7 2. (1)<\/strong>\u00a0Der Arzt ist zur Aus\u00fcbung der Medizin berufen.<br \/>\n(2) Die Aus\u00fcbung des \u00e4rztlichen Berufes umfasst jede auf medizinisch-wissenschaftlichen Erkenntnissen begr\u00fcndete T\u00e4tigkeit, die unmittelbar am Menschen oder mittelbar f\u00fcr den Menschen ausgef\u00fchrt wird, insbesondere<\/span><\/em><\/p>\n<ol>\n<li><em><span style=\"font-size: small;\">die Untersuchung auf das Vorliegen oder Nichtvorliegen von k\u00f6rperlichen und psychischen Krankheiten oder St\u00f6rungen, von Behinderungen oder Missbildungen und Anomalien, die krankhafter Natur sind;<\/span><\/em><\/li>\n<li><em><span style=\"font-size: small;\">die Beurteilung von in Z 1 angef\u00fchrten Zust\u00e4nden bei Verwendung medizinisch-diagnostischer Hilfsmittel;<\/span><\/em><\/li>\n<li><em><span style=\"font-size: small;\">die Behandlung solcher Zust\u00e4nde (Z 1);<\/span><\/em><\/li>\n<li><em><span style=\"font-size: small;\">die Vornahme operativer Eingriffe einschlie\u00dflich der Entnahme oder Infusion von Blut;<\/span><\/em><\/li>\n<li><em><span style=\"font-size: small;\">die Vorbeugung von Erkrankungen;<\/span><\/em><\/li>\n<li><em><span style=\"font-size: small;\">die Geburtshilfe sowie die Anwendung von Ma\u00dfnahmen der medizinischen Fortpflanzungshilfe;<\/span><\/em><\/li>\n<li><em><span style=\"font-size: small;\">die Verordnung von Heilmitteln, Heilbehelfen und medizinisch-diagnostischen Hilfsmitteln;<\/span><\/em><\/li>\n<li><em><span style=\"font-size: small;\">die Vornahme von Leichen\u00f6ffnungen.<br \/>\n<\/span><\/em><\/li>\n<\/ol>\n<p><em><span style=\"font-size: small;\">(3) Jeder zur selbst\u00e4ndigen Aus\u00fcbung des Berufes berechtigte Arzt ist befugt, \u00e4rztliche Zeugnisse auszustellen und \u00e4rztliche Gutachten zu erstatten.<\/span><\/em><\/p>\n<p><em><span style=\"font-size: small;\"><strong>\u00a7 3. (1)<\/strong>\u00a0Die selbst\u00e4ndige Aus\u00fcbung des \u00e4rztlichen Berufes ist ausschlie\u00dflich den \u00c4rzten f\u00fcr Allgemeinmedizin und approbierten \u00c4rzten sowie den Fach\u00e4rzten vorbehalten.<br \/>\n(2) Die selbst\u00e4ndige Aus\u00fcbung des \u00e4rztlichen Berufes besteht in der eigenverantwortlichen Ausf\u00fchrung der im \u00a7 2 Abs. 2 und 3 umschriebenen T\u00e4tigkeiten, gleichg\u00fcltig, ob solche T\u00e4tigkeiten freiberuflich oder im Rahmen eines Dienstverh\u00e4ltnisses ausge\u00fcbt werden.<br \/>\n(3) Die in Ausbildung zum Arzt f\u00fcr Allgemeinmedizin oder zum Facharzt befindlichen \u00c4rzte (Turnus\u00e4rzte) sind lediglich zur unselbst\u00e4ndigen Aus\u00fcbung der im \u00a7 2 Abs. 2 und 3 umschriebenen T\u00e4tigkeiten in den gem\u00e4\u00df \u00a7\u00a7 9 bis 11 als Ausbildungsst\u00e4tten anerkannten Einrichtungen, im Rahmen von Lehrpraxen oder in Lehrambulatorien unter Anleitung und Aufsicht der ausbildenden \u00c4rzte berechtigt.<\/span><\/em><\/p>\n<p><em><span style=\"font-size: small;\">Sofern krankenanstaltenrechtliche Organisationsvorschriften keine dauernde Anwesenheit eines Facharztes erfordern, k\u00f6nnen Turnus\u00e4rzte, die bereits \u00fcber die entsprechenden Kenntnisse und Fertigkeiten verf\u00fcgen, vor\u00fcbergehend auch ohne Aufsicht eines f\u00fcr die Ausbildung verantwortlichen Facharztes t\u00e4tig werden.<br \/>\n<\/span><\/em><u>(<em><span style=\"font-size: small;\">4) Anderen Personen als den in den Abs. 1 und 3 genannten \u00c4rzten ist jede Aus\u00fcbung des \u00e4rztlichen Berufes verboten.<\/span><\/em><\/u><\/p>\n<p align=\"center\"><em><strong><span style=\"font-size: small;\">Strafbestimmungen<\/span><\/strong><\/em><\/p>\n<p><u><span style=\"font-size: small;\"><em><strong>\u00a7 199. (1)<\/strong>\u00a0Wer eine in den \u00a7\u00a7 2 Abs. 2 und 3 oder 16 Abs. 1 und 2 umschriebene T\u00e4tigkeit aus\u00fcbt, ohne hiezu nach diesem Bundesgesetz oder nach anderen gesetzlichen Vorschriften berechtigt zu sein, begeht, sofern die Tat nicht den Tatbestand einer in die Zust\u00e4ndigkeit der Gerichte fallenden strafbaren Handlung bildet, eine Verwaltungs\u00fcbertretung und ist mit Geldstrafe bis zu 50 000 S zu bestrafen. Der Versuch ist strafbar.<br \/>\n(2) Sofern aus der Tat (abs. 1) eine schwerwiegende Gefahr f\u00fcr Leib, Leben oder Gesundheit einer Person entstanden ist oder der T\u00e4ter bereits zweimal wegen unbefugter \u00e4rztlicher T\u00e4tigkeit bestraft worden ist, ist der T\u00e4ter mit Geldstrafe bis zu 300 000 S zu bestrafen.<br \/>\n(3) Wer den im \u00a7 3 Abs. 1 oder 3, \u00a7 12 Abs. 3, \u00a7 17 Abs. 1 oder 3, \u00a7 27 Abs. 2 oder Abs. 7 zweiter Satz, \u00a7 29 Abs. 1, \u00a7 31 Abs. 3, \u00a7 32 Abs. 3, \u00a7 35 Abs. 7, \u00a7 36, \u00a7 37 Abs. 1 letzter Satz oder 2, \u00a7 43 Abs. 2,3,4 oder 6, \u00a7 44, \u00a7 45 Abs. 3 oder 4, \u00a7 46, \u00a7 47 Abs. 1, \u00a7 48, \u00a7 49, \u00a7 50 Abs. 1 oder 3, \u00a7 51, \u00a7 52 Abs. 2, \u00a7 53 Abs. 1 bis 3, \u00a7 54 Abs. 1, \u00a7 55, \u00a7 56, Abs. 1, \u00a7 57 Abs. 1, \u00a7 63, \u00a7 89 oder \u00a7 194 erster Satz enthaltenen Anordnungen oder Verboten zuwiderhandelt, begehrt, sofern die Tat nicht den Tatbestand einer in die Zust\u00e4ndigkeit der Gerichte fallenden strafbaren Handlung bildet, eine Verwaltungs\u00fcbertretung und ist mit Geldstrafe bis zu 30 000 S zu bestrafen. Der Versuch ist strafbar.<br \/>\n(4) Wer den Anordnungen zuwiderhandelt, die in den auf Grund dieses Bundesgesetzes erlassenen Verordnungen enthalten sind, begehrt, sofern die Tat nicht den Tatbestand einer in die Zust\u00e4ndigkeit der Gerichte fallenden strafbaren Handlung bildet, eine Verwaltungs\u00fcbertretung und ist mit Geldstrafe bis zu 30 000 S zu bestrafen. Der Versuch ist strafbar.<br \/>\n<strong>\u00a7 204<\/strong>. Durch dieses Bundesgesetz werden<\/em><\/span><\/u><\/p>\n<ol>\n<li><u><span style=\"font-size: small;\"><em>das Dentistengesetz, BGBl. Nr. 90\/1949,<\/em><\/span><\/u><\/li>\n<li><u><span style=\"font-size: small;\"><em>das Gesundheits- und Krankenpflegegesetz, BGBl. I Nr. 108\/1997,<\/em><\/span><\/u><\/li>\n<li><u><span style=\"font-size: small;\"><em>das Hebammengesetz, BGBl. Nr. 310\/1994,<\/em><\/span><\/u><\/li>\n<li><u><span style=\"font-size: small;\"><em>das Kardiotechnikergesetz, BGBl. I Nr. 96\/1998,<\/em><\/span><\/u><\/li>\n<li><u><span style=\"font-size: small;\"><em>das MTD-Gesetz, BGBl. Nr. 460\/1992,<\/em><\/span><\/u><\/li>\n<li><u><span style=\"font-size: small;\"><em>das MTF-SHD-Gesetz, BGBl. Nr. 102\/1961 sowie die den gewerberechtlichen Vorschriften unterliegenden T\u00e4tigkeiten nicht ber\u00fchrt.<\/em><\/span><\/u><\/li>\n<\/ol>\n<p align=\"center\"><u><strong><span style=\"font-size: x-large;\">PSYCHOTHERAPIEGESETZ<\/span><br \/>\n<\/strong>AUSZUG<\/u><\/p>\n<p><em><strong>\u00a7 1<\/strong>\u00a0(1) Die Aus\u00fcbung der Psychotherapie im Sinne dieses Bundesgesetzes ist die nach einer allgemeinen und besonderen Ausbildung erlernte, umfassende, bewu\u00dfte und geplante Behandlung von psychosozial oder auch psychosomatisch bedingten Verhaltensst\u00f6rungen und Leidenszust\u00e4nden mit wissenschaftlich-psychotherapeutischen Methoden in einer Interaktion zwischen einem oder mehreren Behandelten und einem oder mehreren Psychotherapeuten mit dem Ziel, bestehende Symptome zu mildern oder zu beseitigen, gest\u00f6rte Verhaltensweisen und Einstellungen zu \u00e4ndern und die Reifung, Entwicklung und Gesundheit des Behandelten zu f\u00f6rdern.<br \/>\n(2) Die selbst\u00e4ndige Aus\u00fcbung der Psychotherapie besteht in der eigenverantwortlichen Ausf\u00fchrung der im Abs. 1 umschriebenen T\u00e4tigkeiten, unabh\u00e4ngig davon, ob diese T\u00e4tigkeiten freiberuflich oder im Rahmen eines Arbeitsverh\u00e4tlnisses ausge\u00fcbt werden.<\/em><\/p>\n<p><em><strong>\u00a7 13<\/strong>\u00a0(1) Wer zur selbst\u00e4ndigen Aus\u00fcbung der Psychotherapie berechtigt ist, hat im Zusammenhang mit der Aus\u00fcbung seines Berufes die Berufsbezeichnung \u201ePsychotherapeut\u201c oder \u201ePsychotherapeutin\u201c zu f\u00fchren und kann als Zusatzbezeichnung einen Hinweis auf die jeweilige methodenspezifische Ausrichtung jener psychotherapeutischen Ausbildungseinrichtung, bei der die Psychotherapieausbildungen absolviert worden ist, anf\u00fcgen. Sofern mehrere Psychotherapieausbildungen absolviert worden sind, k\u00f6nnen entsprechende Hinweise als Zusatzbezeichnungen angef\u00fcgt werden.<br \/>\n(2) Die F\u00fchrung der Berufsbezeichnung \u201ePsychotherapeut\u201c oder \u201ePsychotherapeutin\u201c samt Zusatzbezeichnung ist im Zusammenhang mit der Aus\u00fcbung ihres Berufes den im Abs. 1 genannten Personen vorbehalten.<br \/>\n(3) Jede Bezeichnung, die geeignet ist, die Berechtigung zur selbst\u00e4ndigen Aus\u00fcbung der Psychotherapie vorzut\u00e4uschen, ist untersagt.<\/em><\/p>\n<p align=\"center\"><u><strong><span style=\"font-size: x-large;\">PSYCHOLOGENGESETZ<\/span><br \/>\n<\/strong>AUSZUG<\/u><\/p>\n<p><em><strong>\u00a7 3.<\/strong>\u00a0(1) Die Aus\u00fcbung d<\/em><em>es psychologischen Berufes im Bereich des Gesundheitswesen ist die durch den Erwerb fachlicher Kompetenz im Sinne diese Bundesgesetzes erlernte Untersuchung, Auslegung, \u00c4nderung und Vorhersage des Erlebens und Verhaltens von Menschen unter Anwendung wissenschaftlich-psychologischer Erkenntnisse und Methoden.<br \/>\n(2) Die Aus\u00fcbung des psychologischen Berufes gem\u00e4\u00df Abs. 1 umfa\u00dft insbesondere die klinisch-psychologische Diagnostik hinsichtlich Leistungsf\u00e4higkeit, Pers\u00f6nlichkeitsmerkmalen, Verhaltensst\u00f6rungen, psychischen Ver\u00e4nderungen und Leidenszust\u00e4nden sowie sich darauf gr\u00fcndende Beratungen, Prognosen, Zeugnisse und Gutachten,<\/em><\/p>\n<ol>\n<li><em>die Anwendung psychologischer Behandlungsmethoden zur Pr\u00e4vention, Behandlung und Rehabilitation von Einzelpersonen und Gruppen oder die Beratung von juristischen Personen sowie die Forschungs- und Lehrt\u00e4tigkeit auf den genannten Gebieten und<\/em><\/li>\n<li><em>die Entwicklung gesundheitsf\u00f6rdernder Ma\u00dfnahmen und Projekte.<\/em><\/li>\n<\/ol>\n<p><em>(3) Die selbst\u00e4ndige Aus\u00fcbung des psychologischen Berufes gem\u00e4\u00df Abs. 1 besteht nach dem Erwerb fachlicher Kompetenz im Sinne dieses Bundesgesetzes in der eigenverantwortlichen Ausf\u00fchrung der im Abs. 1 umschriebenen T\u00e4tigkeiten, unabh\u00e4ngig davon, ob diese T\u00e4tigkeiten freiberuflich oder im Rahmen eines Arbeitsverh\u00e4ltnisses ausgef\u00fchrt werden.<\/em><\/p>\n<p align=\"center\"><u><span style=\"font-size: x-large;\"><strong>ZIVILTECHNIKERGESETZ 1993 &#8211; ZTG<\/strong><br \/>\n<\/span>AUSZUG<\/u><\/p>\n<p><b>\u00a7 1.<\/b>\u00a0(1) Staatlich befugte und beeidete Ziviltechniker sind nat\u00fcrliche Personen, die auf technischen oder naturwissenschaftlichen oder montanistischen Fachgebieten oder auf Fachgebieten der Bodenkultur auf Grund einer vom Bundesminister f\u00fcr wirtschaftliche Angelegenheiten verliehenen Befugnis freiberuflich t\u00e4tig sind.<\/p>\n<p>2)Ziviltechniker werden eingeteilt in:<\/p>\n<ol>\n<li>Architekten,<\/li>\n<li>Ingenieurkonsulenten.<\/li>\n<\/ol>\n<p>\u00a7 4. (1) Ziviltechniker sind, sofern bundesgesetzlich nicht eine besondere Berechtigung gefordert wird, auf dem gesamten, von ihrer Befugnis umfa\u00dften Fachgebiet zur Erbringung von planenden, pr\u00fcfenden, \u00fcberwachenden, beratenden, koordinierenden und treuh\u00e4nderischen Leistungen, insbesondere zur Vornahme von Messungen, zur Erstellung von Gutachten, zur berufsm\u00e4\u00dfigen Vertretung vor Beh\u00f6rden und K\u00f6rperschaften \u00f6ffentlichen Rechtes, ferner zur \u00dcbernahme von Gesamtplanungsauftr\u00e4gen, sofern wichtige Teile der Arbeiten dem Fachgebiet des Ziviltechnikers zukommen, berechtigt.<br \/>\n(2)Unbeschadet der den Gewerbetreibenden zustehenden Rechte sind von den Ziviltechnikern berechtigt:<\/p>\n<p>a)die Architekten zur Planung von Projekten ihres Fachgebietes, insbesondere von Monumentalbauten, Theatern, Festhallen, Ausstellungsgeb\u00e4uden, Museumsbauten, Kirchen, Schulen und Spit\u00e4lern des Bundes, der L\u00e4nder und Gemeinden, sofern sie vom k\u00fcnstlerischen, kulturellen oder vom sozialen Standpunkt von Bedeutung sind;<br \/>\nb)die Ingenieurkonsulenten f\u00fcr Vermessungswesen zur Verfassung von Teilungspl\u00e4nen zur katastralen und grundb\u00fccherlichen Teilung von Grundst\u00fccken und von Lagepl\u00e4nen zur grundb\u00fccherlichen Abschreibung ganzer Grundst\u00fccke, zu Grenzermittlungen nach dem Stande der Katastralmappe oder auf Grund von Urkunden, einschlie\u00dflich Vermarkung und Verfassung von Pl\u00e4nen zur Bekanntgabe von Fluchtlinien;<br \/>\nc)die Ingenieurkonsulenten f\u00fcr Markscheidewesen zur Feststellung der Begrenzungen von Grubenausma\u00dfen, \u00dcberscharen, Gewinnungsfeldern, Abbaufeldern und Speicherfeldern sowie zur Ersichtlichmachung derartiger Begrenzungen in der Natur.<\/p>\n<p align=\"center\"><strong><span style=\"font-size: x-large;\"><u>MTD GESETZ<\/u><\/span><\/strong><\/p>\n<p>Bundesgesetz \u00fcber die Regelung der gehobenen medizinisch-technischen Dienste &#8211; BGBl Nr. 460\/1992<\/p>\n<p>Der physiotherapeutische Dienst umfasst die eigenverantwortliche Anwendung aller physiotherpeutischen Ma\u00dfnahmen nach \u00e4rztlicher Anordnung im intra- und extramuralen Bereich, unter besonderer Ber\u00fccksichtigung funktioneller Zusammenh\u00e4nge auf den Gebieten der Gesundheitserziehung, Prophylaxe, Therapie und Rehabilitation. Hiezu geh\u00f6ren insbesondere mechanotherapeutische Ma\u00dfnahmen, wie alle Arten von Bewegungstherapie, Perzeption, manuelle Therapie der Gelenke, Atemtherapie, alle Arten von Heilmassagen, Reflexzonentherapien, Lymphdrainagen, Ultraschalltherapie weiters aller elektro-, thermo-, foto-, hydro- und balneotherapeutischen Ma\u00dfnahmen. Weiters umfasst er ohne \u00e4rztliche Anordnung die Beratung und Erziehung Gesunder in den genannten Gebieten.Denkbare Eingriffe sind gegeben bei der Anwendung von Cranio- Sacrale Osteopathie, Cranio- Sacrale Impulsregulation, Atemtherapie. Entscheidend ist wiederum die tats\u00e4chlich angewandte T\u00e4tigkeit und nicht die Bezeichnung als solche.<\/p>\n","protected":false},"excerpt":{"rendered":"<p>\u00c4RZTEGESETZ Rechtsgrundlage f\u00fcr die \u00e4rztliche T\u00e4tigkeit ist das \u00c4rztegesetz 1998 BGBl Teil I. Nr. 169 vom 10.11.1998. Der schnellste Zugang zu diesem Gesetzestext ist m\u00f6glich \u00fcber folgende Internetadresse: www.ris.bka.gv.at F\u00fcr die vorliegenden Zwecke auszugsweise nachstehende Bestimmungen: Begriffsbestimmung \u00a7 1.\u00a0Soweit in den einzelnen Vorschriften nicht anderes bestimmt ist, bezieht sich in diesem Abschnitt die allgemeine Bezeichnung &hellip; <\/p>\n<p class=\"link-more\"><a href=\"https:\/\/energethiker.com\/?page_id=81\" class=\"more-link\"><span class=\"screen-reader-text\">\u201eAuszug aus dem \u00c4rztegesetz\u201c <\/span>weiterlesen<\/a><\/p>\n","protected":false},"author":1,"featured_media":0,"parent":0,"menu_order":0,"comment_status":"closed","ping_status":"closed","template":"","meta":{"footnotes":""},"class_list":["post-81","page","type-page","status-publish","hentry"],"_links":{"self":[{"href":"https:\/\/energethiker.com\/index.php?rest_route=\/wp\/v2\/pages\/81","targetHints":{"allow":["GET"]}}],"collection":[{"href":"https:\/\/energethiker.com\/index.php?rest_route=\/wp\/v2\/pages"}],"about":[{"href":"https:\/\/energethiker.com\/index.php?rest_route=\/wp\/v2\/types\/page"}],"author":[{"embeddable":true,"href":"https:\/\/energethiker.com\/index.php?rest_route=\/wp\/v2\/users\/1"}],"replies":[{"embeddable":true,"href":"https:\/\/energethiker.com\/index.php?rest_route=%2Fwp%2Fv2%2Fcomments&post=81"}],"version-history":[{"count":4,"href":"https:\/\/energethiker.com\/index.php?rest_route=\/wp\/v2\/pages\/81\/revisions"}],"predecessor-version":[{"id":145,"href":"https:\/\/energethiker.com\/index.php?rest_route=\/wp\/v2\/pages\/81\/revisions\/145"}],"wp:attachment":[{"href":"https:\/\/energethiker.com\/index.php?rest_route=%2Fwp%2Fv2%2Fmedia&parent=81"}],"curies":[{"name":"wp","href":"https:\/\/api.w.org\/{rel}","templated":true}]}}